{"id":275,"date":"2011-09-06T22:11:36","date_gmt":"2011-09-06T20:11:36","guid":{"rendered":"http:\/\/localhost\/maledetto_toscano\/?page_id=275"},"modified":"2021-12-07T17:30:49","modified_gmt":"2021-12-07T16:30:49","slug":"il-toscano","status":"publish","type":"page","link":"http:\/\/www.maledettotoscano.com\/?page_id=275","title":{"rendered":"Il Toscano"},"content":{"rendered":"\n<p><meta charset=\"utf-8\"> <p><strong>Sigari TOSCANELLO\u00ae aromatizzati<\/strong> (per chi gradisce l&#8217;aroma nel sigaro)<\/p><\/p>\n\n\n\n<p> <img decoding=\"async\" loading=\"lazy\" width=\"474\" height=\"350\" class=\"wp-image-276\" style=\"width: 150px;\" src=\"http:\/\/www.maledettotoscano.com\/wp-content\/uploads\/2011\/09\/img_famiglia_guida_per_chi_comincia.jpg\" alt=\"\" srcset=\"http:\/\/www.maledettotoscano.com\/wp-content\/uploads\/2011\/09\/img_famiglia_guida_per_chi_comincia.jpg 474w, http:\/\/www.maledettotoscano.com\/wp-content\/uploads\/2011\/09\/img_famiglia_guida_per_chi_comincia-300x221.jpg 300w\" sizes=\"(max-width: 474px) 100vw, 474px\" \/><p><strong>TOSCANELLO\u00ae AROMA ANICE<\/strong><\/p><span style=\"font-size: revert; color: initial; font-family: -apple-system, BlinkMacSystemFont, &quot;Segoe UI&quot;, Roboto, Oxygen-Sans, Ubuntu, Cantarell, &quot;Helvetica Neue&quot;, sans-serif;\">Il Toscanello Aroma Anice, presentato al pubblico nel 2001, \u00e8 il &#8220;pioniere&#8221; dei sigari Toscanello aromatizzati: una miscela, di soli tabacchi rigorosamente Kentucky, abilmente profumata con una tecnica unica al mondo che, grazie all&#8217;estratto di anice, conferisce al sigaro un sapore piacevole e fragrante per una fumata fresca e rigenerante.<\/span><p>N\u00b0 sigari per scatola: 5<br>Prezzo confezione: 4,20\u20ac<\/p> <p><strong>TOSCANELLO\u00ae AROMA CAFF\u00c8<\/strong><\/p><\/p>\n\n\n\n<p><p>Nato nel 2003 il sigaro Toscanello Aroma Caff\u00e8, gustoso abbinamento di sapori imbevuti di italianit\u00e0, \u00e8 l&#8217;ideale complemento per i brevi momenti di relax nel corso della giornata.<br>N\u00b0 sigari per scatola: 5<br>Prezzo confezione: 4,00\u20ac<\/p> <p><strong>TOSCANELLO\u00ae AROMA GRAPPA<\/strong><\/p><span style=\"font-size: revert; color: initial; font-family: -apple-system, BlinkMacSystemFont, &quot;Segoe UI&quot;, Roboto, Oxygen-Sans, Ubuntu, Cantarell, &quot;Helvetica Neue&quot;, sans-serif;\">Il sigaro Toscanello Aroma Grappa, nato nel 2005, costituisce un&#8217;evoluzione ricercata ed innovativa, nel mondo dei sigari aromatizzati che esalta i sapori del tabacco Kentucky e della grappa.<\/span><p>N\u00b0 sigari per scatola: 5<br>Prezzo confezione: 4,20\u20ac<\/p> <p><strong>TOSCANELLO\u00ae AROMA FONDENTE<\/strong><\/p><span style=\"font-size: revert; color: initial; font-family: -apple-system, BlinkMacSystemFont, &quot;Segoe UI&quot;, Roboto, Oxygen-Sans, Ubuntu, Cantarell, &quot;Helvetica Neue&quot;, sans-serif;\">Dal 2008, il sigaro Toscanello Aroma Fondente \u00e8 entrato a far parte della famiglia degli aromatizzati. Un sigaro capace di fondere il seducente sapore del cioccolato con l&#8217;aroma inconfondibile del tabacco Kentucky in una miscela davvero straordinaria, composta da un mix di tabacchi Kentucky.<\/span><p>N\u00b0 sigari per scatola: 5<br>Prezzo confezione: 4,20\u20ac<\/p> <p><strong>TOSCANELLO\u00ae AROMA MOKHA<\/strong><\/p><span style=\"font-size: revert; color: initial; font-family: -apple-system, BlinkMacSystemFont, &quot;Segoe UI&quot;, Roboto, Oxygen-Sans, Ubuntu, Cantarell, &quot;Helvetica Neue&quot;, sans-serif;\">E&#8217; un prodotto in edizione limitata disponibile per un breve periodo e richiama immediatamente il luogo dove il caff\u00e8 modella mercati e cultura, l&#8217;antica citt\u00e0 di Mokha.<\/span><p>N\u00b0 sigari per scatola: 5<br>Prezzo confezione: 4,20\u20ac<\/p><\/p>\n\n\n\n<hr class=\"wp-block-separator has-text-color has-background is-style-dots\" style=\"background-color:#64420a;color:#64420a\"\/>\n\n\n\n<p><meta charset=\"utf-8\"><strong style=\"font-size: revert; font-family: inherit; color: initial;\">Sigari TOSCANO\u00ae ammezzati (per chi si avvicina al sigaro TOSCANO\u00ae)<\/strong> <p>\u00a0<\/p><img decoding=\"async\" loading=\"lazy\" width=\"474\" height=\"350\" class=\"wp-image-979\" style=\"width: 150px;\" src=\"http:\/\/www.maledettotoscano.com\/wp-content\/uploads\/2011\/09\/img_famiglia_guida_per_un_gusto_morbido.jpg\" alt=\"\" srcset=\"http:\/\/www.maledettotoscano.com\/wp-content\/uploads\/2011\/09\/img_famiglia_guida_per_un_gusto_morbido.jpg 474w, http:\/\/www.maledettotoscano.com\/wp-content\/uploads\/2011\/09\/img_famiglia_guida_per_un_gusto_morbido-300x221.jpg 300w\" sizes=\"(max-width: 474px) 100vw, 474px\" \/> <p><strong>AMMEZZATI TOSCANO\u00ae GARIBALDI<\/strong><\/p><span style=\"background-color: rgba(0, 0, 0, 0.2); font-size: revert; color: initial; font-family: -apple-system, BlinkMacSystemFont, &quot;Segoe UI&quot;, Roboto, Oxygen-Sans, Ubuntu, Cantarell, &quot;Helvetica Neue&quot;, sans-serif;\">Il sigaro Ammezzato Garibaldi \u00e8 la met\u00e0 esatta di un sigaro Toscano Garibaldi ed \u00e8 stato proposto ai fumatori per la prima volta nel 1984.<\/span><p>N\u00b0 sigari per scatola: 5<br>Prezzo confezione: 3,40\u20ac<\/p> <p><strong>TOSCANELLO\u00ae<\/strong><\/p><span style=\"font-size: revert; color: initial; font-family: -apple-system, BlinkMacSystemFont, &quot;Segoe UI&quot;, Roboto, Oxygen-Sans, Ubuntu, Cantarell, &quot;Helvetica Neue&quot;, sans-serif;\">Il sigaro Toscanello pu\u00f2, a buona ragione, essere ritenuto il capostipite della famiglia degli ammezzati e dell'&#8221;era moderna&#8221;, in cui il tempo a disposizione ci impone pause pi\u00f9 brevi.<\/span><p>N\u00b0 sigari per scatola: 5<br>Prezzo confezione: 3,50\u20ac<\/p> <p><strong>TOSCANELLO\u00ae SPECIALE<\/strong><\/p><\/p>\n\n\n\n<p><p>Il sigaro Toscanello Speciale \u00e8 stato lanciato sul mercato nel 1998 con l&#8217;intento di rispondere alle esigenze dei fumatori di ammezzati che desideravano una fumata pi\u00f9 forte e penetrante.<br>N\u00b0 sigari per scatola: 5<br>Prezzo confezione: 4,90\u20ac<\/p> <\/p>\n\n\n\n<p><p><strong>TOSCANELLO\u00ae SCELTO<\/strong><\/p><\/p>\n\n\n\n<p><p>Il sigaro Toscanello Scelto si presenta nel 2010 a coronamento della gamma degli ammezzati naturali il cui il capostipite, il Toscanello, \u00e8 stato lanciato oltre 60 anni fa, seguito dal Garibaldi, classe 1984, e dal Toscanello Speciale nel 1998.<br>N\u00b0 sigari per scatola: 5<br>Prezzo confezione: 4,00\u20ac<\/p><\/p>\n\n\n\n<hr class=\"wp-block-separator has-text-color has-background is-style-dots\" style=\"background-color:#64420a;color:#64420a\"\/>\n\n\n\n<p><meta charset=\"utf-8\"><p><strong>Sigari TOSCANO\u00ae d&#8217;autore (per un gusto deciso)<\/strong><\/p><\/p>\n\n\n\n<p><img decoding=\"async\" loading=\"lazy\" width=\"474\" height=\"350\" class=\"wp-image-980\" style=\"width: 150px;\" src=\"http:\/\/www.maledettotoscano.com\/wp-content\/uploads\/2011\/09\/img_famiglia_guida_per_un_gusto_deciso.jpg\" alt=\"\" srcset=\"http:\/\/www.maledettotoscano.com\/wp-content\/uploads\/2011\/09\/img_famiglia_guida_per_un_gusto_deciso.jpg 474w, http:\/\/www.maledettotoscano.com\/wp-content\/uploads\/2011\/09\/img_famiglia_guida_per_un_gusto_deciso-300x221.jpg 300w\" sizes=\"(max-width: 474px) 100vw, 474px\" \/><\/p>\n\n\n\n<p><strong style=\"font-size: revert; color: initial; font-family: -apple-system, BlinkMacSystemFont, &quot;Segoe UI&quot;, Roboto, Oxygen-Sans, Ubuntu, Cantarell, &quot;Helvetica Neue&quot;, sans-serif;\">TOSCANO\u00ae GARIBALDI<\/strong><\/p>\n\n\n\n<p><span style=\"font-size: revert; color: initial; font-family: -apple-system, BlinkMacSystemFont, &quot;Segoe UI&quot;, Roboto, Oxygen-Sans, Ubuntu, Cantarell, &quot;Helvetica Neue&quot;, sans-serif;\">Questo sigaro \u00e8 dedicato non solo a uno dei pi\u00f9 straordinari personaggi della nostra storia, ma anche e soprattutto a uno dei maggiori estimatori di sigari Toscano.<\/span><p>N\u00b0 sigari per confezione: 4<br>Prezzo confezione: 4,80\u20ac<\/p> <p><strong>TOSCANO\u00ae MODIGLIANI<\/strong><\/p><\/p>\n\n\n\n<p><p>Il sigaro Toscano Modigliani, dedicato al grande artista toscano di inizio \u2018900, si inserisce nella linea dei Sigari d&#8217;Autore insieme al Toscano Garibaldi e al Toscano Soldati.<br>N\u00b0 sigari per confezione: 5<br>Prezzo confezione: 7,00\u20ac<\/p> <p><strong>TOSCANO\u00ae SOLDATI<\/strong><span style=\"font-size: revert; color: initial; font-family: -apple-system, BlinkMacSystemFont, &quot;Segoe UI&quot;, Roboto, Oxygen-Sans, Ubuntu, Cantarell, &quot;Helvetica Neue&quot;, sans-serif;\"> <\/span><\/p><\/p>\n\n\n\n<p><p>Mario Soldati, grande uomo di lettere, teatro e cinema, \u00e8 stato anche grande estimatore di sigari Toscano. Per quanto ha scritto e detto sullo &#8220;Stortignaccolo&#8221; pu\u00f2 senza alcuna esagerazione essere considerato il vate, il cantore del sigaro Toscano.<br>N\u00b0 sigari per confezione: 5<br>Prezzo confezione: 9,00\u20ac<\/p><\/p>\n\n\n\n<p><\/p>\n\n\n\n<hr class=\"wp-block-separator has-text-color has-background is-style-dots\" style=\"background-color:#64420a;color:#64420a\"\/>\n\n\n\n<p><meta charset=\"utf-8\"><p><strong>Sigari TOSCANO\u00ae tradizionale (per un\u2019esperienza tipicamente TOSCANO\u00ae)<\/strong><\/p><img decoding=\"async\" loading=\"lazy\" width=\"474\" height=\"350\" class=\"wp-image-981\" style=\"width: 150px;\" src=\"http:\/\/www.maledettotoscano.com\/wp-content\/uploads\/2011\/09\/img_famiglia_guida_per_esperti.jpg\" alt=\"\" srcset=\"http:\/\/www.maledettotoscano.com\/wp-content\/uploads\/2011\/09\/img_famiglia_guida_per_esperti.jpg 474w, http:\/\/www.maledettotoscano.com\/wp-content\/uploads\/2011\/09\/img_famiglia_guida_per_esperti-300x221.jpg 300w\" sizes=\"(max-width: 474px) 100vw, 474px\" \/><\/p>\n\n\n\n<p><span style=\"font-size: revert; color: initial; font-family: -apple-system, BlinkMacSystemFont, &quot;Segoe UI&quot;, Roboto, Oxygen-Sans, Ubuntu, Cantarell, &quot;Helvetica Neue&quot;, sans-serif;\"> <\/span><strong style=\"font-size: revert; color: initial; font-family: -apple-system, BlinkMacSystemFont, &quot;Segoe UI&quot;, Roboto, Oxygen-Sans, Ubuntu, Cantarell, &quot;Helvetica Neue&quot;, sans-serif;\">TOSCANO\u00ae CLASSICO<\/strong><\/p>\n\n\n\n<p><p>Il sigaro Toscano Classico venne presentato al pubblico nel 1930, anno che segna un deciso miglioramento qualitativo dei tabacchi Kentucky coltivati in Italia.<br>N\u00b0 sigari per confezione: 5 o 10<br>Prezzo confezione: 5,50\u00df o 10,00\u20ac<\/p> <p><strong>TOSCANO\u00ae EXTRAVECCHIO<\/strong><\/p><\/p>\n\n\n\n<p><p>Il sigaro Toscano Extravecchio \u00e8 il primo sigaro con fascia italiana. Commercializzato per la prima volta nel 1953, \u00e8 stato da subito fra i preferiti dei fumatori pi\u00f9 esperti.<br>N\u00b0 sigari per confezione: 5,20 o 40<br>Prezzo confezione: 5,90,\u20ac, 23,00\u20ac o 38,00\u20ac<\/p> <p><strong>ANTICO TOSCANO\u00ae<\/strong><\/p><\/p>\n\n\n\n<p><p>Il sigaro Antico Toscano rappresenta, pi\u00f9 di ogni altro, la tradizione dei sigari Toscano, tanto da essere &#8220;il prediletto&#8221; dai fumatori pi\u00f9 esperti e amanti del gusto tipico del sigaro Toscano.<br>N\u00b0 sigari per confezione: 5<br>Prezzo confezione: 8,30\u20ac<\/p> <\/p>\n\n\n\n<hr class=\"wp-block-separator has-text-color has-background is-style-dots\" style=\"background-color:#64420a;color:#64420a\"\/>\n\n\n\n<p><meta charset=\"utf-8\"><p><strong>Sigari TOSCANO\u00ae contemporanei <\/strong>(dal carattere pi\u00f9 rotondo)<\/p><\/p>\n\n\n\n<p><img decoding=\"async\" loading=\"lazy\" width=\"474\" height=\"350\" class=\"wp-image-982\" style=\"width: 150px;\" src=\"http:\/\/www.maledettotoscano.com\/wp-content\/uploads\/2011\/09\/img_famiglia_guida_per_intenditori.jpg\" alt=\"\" srcset=\"http:\/\/www.maledettotoscano.com\/wp-content\/uploads\/2011\/09\/img_famiglia_guida_per_intenditori.jpg 474w, http:\/\/www.maledettotoscano.com\/wp-content\/uploads\/2011\/09\/img_famiglia_guida_per_intenditori-300x221.jpg 300w\" sizes=\"(max-width: 474px) 100vw, 474px\" \/><\/p>\n\n\n\n<p><strong>TOSCANO\u00ae ANTICA RISERVA <\/strong><p>Il sigaro Toscano Antica Riserva, armonico e molto equilibrato, \u00e8 caratterizzato, da spento, da un profumo intenso ed ammaliante.<br>N\u00b0 sigari per confezione: 8<br>Prezzo confezione: 20,00\u20ac<\/p> <p><strong>TOSCANO\u00ae Anno Domini 1492<\/strong><\/p>Toscano Anno Domini 1492, lanciato nel 2007 un sigaro dal carattere saziante, molto corposo e dal grande equilibrio. <br><br><p><strong>TOSCANO\u00ae ANTICA TRADIZIONE<\/strong><\/p>Il Toscano Antica Tradizione \u00e8 un sigaro di qualit\u00e0 decisamente superiore. La sua ricetta, realizzata con miscele di tabacchi Kentucky prevalentemente italiani, vuole ripercorrere la storia della coltivazione del tabacco Kentucky in Italia.<p>N\u00b0 sigari per confezione: 2<br>Prezzo confezione: 4,00\u20ac<\/p><\/p>\n\n\n\n<hr class=\"wp-block-separator has-text-color has-background is-style-dots\" style=\"background-color:#64420a;color:#64420a\"\/>\n\n\n\n<p><meta charset=\"utf-8\"><p><strong>Sigari TOSCANO\u00ae fatti a mano <\/strong>(per i pi\u00f9 esigenti)<\/p><\/p>\n\n\n\n<p><img decoding=\"async\" loading=\"lazy\" width=\"474\" height=\"350\" class=\"wp-image-983\" style=\"width: 150px;\" src=\"http:\/\/www.maledettotoscano.com\/wp-content\/uploads\/2011\/09\/img_famiglia_guida_edizioni_limitate.jpg\" alt=\"\" srcset=\"http:\/\/www.maledettotoscano.com\/wp-content\/uploads\/2011\/09\/img_famiglia_guida_edizioni_limitate.jpg 474w, http:\/\/www.maledettotoscano.com\/wp-content\/uploads\/2011\/09\/img_famiglia_guida_edizioni_limitate-300x221.jpg 300w\" sizes=\"(max-width: 474px) 100vw, 474px\" \/><\/p>\n\n\n\n<p><strong>TOSCANO\u00ae ORIGINALE<\/strong> <p>E&#8217; lui, l&#8217;originale, lo &#8220;Stortignaccolo&#8221;! E&#8217; commercializzato con il nome di Toscano Originale dal 1985 ed \u00e8, a tutti gli effetti, il figlio legittimo di quel sigaro divenuto mitico, unico come quella pioggia estiva che nel 1815 gli diede vita.<br>N\u00b0 sigari per confezione: 2 o 8<br>Prezzo confezione: 5,70\u20ac o 30,00\u20ac<\/p> <p><strong>TOSCANO\u00ae ORIGINALE 150<\/strong><\/p><img decoding=\"async\" loading=\"lazy\" width=\"287\" height=\"398\" class=\"wp-image-390\" style=\"width: 150px;\" src=\"http:\/\/www.maledettotoscano.com\/wp-content\/uploads\/2011\/09\/150.png\" alt=\"\" srcset=\"http:\/\/www.maledettotoscano.com\/wp-content\/uploads\/2011\/09\/150.png 287w, http:\/\/www.maledettotoscano.com\/wp-content\/uploads\/2011\/09\/150-216x300.png 216w\" sizes=\"(max-width: 287px) 100vw, 287px\" \/><\/p>\n\n\n\n<p>Il sigaro Toscano Originale 150 anni \u00e8 stato realizzato a mano nella Manifattura di Lucca secondo metodi che vantano due secoli di tradizione. <p>Il prodotto, nasce con l\u2019intento di celebrare l\u2019Unit\u00e0 d\u2019Italia.<\/p><\/p>\n\n\n\n<p><p>Esso, si inserisce nel contesto del restyling per il 150\u00b0.<\/p>Il pacchetto \u00e8 stato creato per: <p>&#8211; esaltare l\u2019italianit\u00e0 del Toscano.<\/p><\/p>\n\n\n\n<p><p>&#8211; migliorare il posizionamento del Toscano Originale.<span style=\"font-size: revert; color: initial; font-family: -apple-system, BlinkMacSystemFont, &quot;Segoe UI&quot;, Roboto, Oxygen-Sans, Ubuntu, Cantarell, &quot;Helvetica Neue&quot;, sans-serif;\"> <\/span><\/p><\/p>\n\n\n\n<p><p>&#8211; sostenere la fedelt\u00e0 degli attuali consumatori.<\/p><\/p>\n\n\n\n<p><p>Caratteristiche organolettiche: Toscano Originale con fascia italiana.<br>N\u00b0 sigari per confezione: 3<br>Prezzo confezione: 15,00\u20ac<\/p> <p><strong>TOSCANO\u00ae ORIGINALE SELECTED<span style=\"font-family: inherit; font-size: inherit; font-weight: inherit; color: initial;\"> <\/span><\/strong><\/p><\/p>\n\n\n\n<p><p>Il sigaro Toscano Originale Selected \u00e8 uno dei pi\u00f9 esclusivi e pregiati sigari Toscano, caratterizzato da un aroma intenso.<span style=\"font-size: revert; color: initial; font-family: -apple-system, BlinkMacSystemFont, &quot;Segoe UI&quot;, Roboto, Oxygen-Sans, Ubuntu, Cantarell, &quot;Helvetica Neue&quot;, sans-serif;\"> <\/span>N\u00b0 sigari per confezione: 10 o 30<br>Prezzo confezione: 55,00\u20ac o 180,00\u20ac<\/p> <p><strong>TOSCANO\u00ae ORIGINALE MILLENNIUM<\/strong><\/p><\/p>\n\n\n\n<p><p>Il sigaro Toscano Originale Millennium, nato nel 1999, \u00e8 uno dei &#8220;Premium&#8221;, gli esclusivi della famiglia dei sigari Toscano.<br>N\u00b0 sigari per confezione: 18<br>Prezzo confezione: 180,00\u20ac<\/p> <p><strong>TOSCANO\u00ae DEL PRESIDENTE<\/strong><\/p><\/p>\n\n\n\n<p><p>Il sigaro Toscano del Presidente, commercializzato nel 2006, \u00e8 realizzato interamente a mano, in quantit\u00e0 limitate, negli stabilimenti della Manifattura di Lucca.<br>N\u00b0 sigari per confezione: 32<br>Prezzo confezione: 120,00\u20ac<\/p><\/p>\n\n\n\n<hr class=\"wp-block-separator has-text-color has-background is-style-dots\" style=\"background-color:#64420a;color:#64420a\"\/>\n\n\n\n<p><meta charset=\"utf-8\"><p><strong>Sigari IL MORO\u00ae fatti a mano <\/strong>(per chi non si accontenta)<\/p><span style=\"font-size: revert; color: initial; font-family: -apple-system, BlinkMacSystemFont, &quot;Segoe UI&quot;, Roboto, Oxygen-Sans, Ubuntu, Cantarell, &quot;Helvetica Neue&quot;, sans-serif;\">\u00a0<\/span> <img decoding=\"async\" loading=\"lazy\" width=\"300\" height=\"266\" class=\"wp-image-984\" style=\"width: 150px;\" src=\"http:\/\/www.maledettotoscano.com\/wp-content\/uploads\/2011\/09\/img_famiglia_guida_il_moro.jpg\" alt=\"\"><p><strong>IL MORO\u00ae<\/strong><\/p>Il sigaro Il Moro\u00ae \u00e8 un sigaro dalle qualit\u00e0 eccezionali: sofisticato, ricercato, reso straordinario anche dalle sue dimensioni con ben 23 cm di lunghezza.<p>N\u00b0 Sigari: 1<br>Prezzo confezione: 40\u20ac<\/p><\/p>\n","protected":false},"excerpt":{"rendered":"<p>Sigari TOSCANELLO\u00ae aromatizzati (per chi gradisce l&#8217;aroma nel sigaro) TOSCANELLO\u00ae AROMA ANICE Il Toscanello Aroma Anice, presentato al pubblico nel&hellip;<\/p>\n","protected":false},"author":1,"featured_media":0,"parent":0,"menu_order":3,"comment_status":"closed","ping_status":"open","template":"","meta":[],"_links":{"self":[{"href":"http:\/\/www.maledettotoscano.com\/index.php?rest_route=\/wp\/v2\/pages\/275"}],"collection":[{"href":"http:\/\/www.maledettotoscano.com\/index.php?rest_route=\/wp\/v2\/pages"}],"about":[{"href":"http:\/\/www.maledettotoscano.com\/index.php?rest_route=\/wp\/v2\/types\/page"}],"author":[{"embeddable":true,"href":"http:\/\/www.maledettotoscano.com\/index.php?rest_route=\/wp\/v2\/users\/1"}],"replies":[{"embeddable":true,"href":"http:\/\/www.maledettotoscano.com\/index.php?rest_route=%2Fwp%2Fv2%2Fcomments&post=275"}],"version-history":[{"count":4,"href":"http:\/\/www.maledettotoscano.com\/index.php?rest_route=\/wp\/v2\/pages\/275\/revisions"}],"predecessor-version":[{"id":1745,"href":"http:\/\/www.maledettotoscano.com\/index.php?rest_route=\/wp\/v2\/pages\/275\/revisions\/1745"}],"wp:attachment":[{"href":"http:\/\/www.maledettotoscano.com\/index.php?rest_route=%2Fwp%2Fv2%2Fmedia&parent=275"}],"curies":[{"name":"wp","href":"https:\/\/api.w.org\/{rel}","templated":true}]}}